{"id":1870,"date":"2025-02-04T14:34:15","date_gmt":"2025-02-04T13:34:15","guid":{"rendered":"https:\/\/direkcije.rs\/?page_id=1870"},"modified":"2025-02-13T16:31:42","modified_gmt":"2025-02-13T15:31:42","slug":"anketa","status":"publish","type":"page","link":"https:\/\/direkcije.rs\/?page_id=1870","title":{"rendered":"Anketa"},"content":{"rendered":"\n<p class=\"has-medium-font-size\">Molimo Vas da popunite na\u0161u kratku anketu, vezanu za predlog naredne destinacije za prole\u0107ni izlet 2025. godine.<\/p>\n\n\n\n<p class=\"has-medium-font-size\">Imajte na umu da je anketa neobavezna, ali da je obavezno da ostavite Va\u0161 e-mail kako bi znali ko se za koju destinaciju prijavio. <\/p>\n\n\n\n<p class=\"has-medium-font-size\">Rezultat ankete nije obavezuju\u0107i spram SO Direkcije, jer smo \u010desto uslovljeni vremenskim rokovima, dostupno\u0161\u0107u sme\u0161taja, spremno\u0161\u0107u agencija da sara\u0111uju sa nama, dostupno\u0161\u0107u autobusa i sli\u010dno. <\/p>\n\n\n\n<p class=\"has-medium-font-size\">Tako\u0111e mogu\u0107e je da se napravi kombinacija zemalja i lokacija ukoliko to okolnosti budu dozvoljavale, ali mo\u017eete biti sigurni da \u0107emo se potruditi da organizujemo nezaboravan izlet, kao i do sada.<\/p>\n\n\n\n<p class=\"has-medium-font-size\" style=\"margin-top:0;margin-bottom:4rem\"><strong>Anketa je zavr\u0161ena &#8211; Hvala na u\u010de\u0161\u0107u<\/strong><\/p>\n\n\n\n<div style=\"height:4rem\" aria-hidden=\"true\" class=\"wp-block-spacer\"><\/div>\n","protected":false},"excerpt":{"rendered":"<p>Molimo Vas da popunite na\u0161u kratku anketu, vezanu za predlog naredne destinacije za prole\u0107ni izlet 2025. godine. Imajte na umu da je anketa neobavezna, ali da je obavezno da ostavite Va\u0161 e-mail kako bi znali ko se za koju destinaciju prijavio. Rezultat ankete nije obavezuju\u0107i spram SO Direkcije, jer smo \u010desto uslovljeni vremenskim rokovima, dostupno\u0161\u0107u &hellip; <\/p>\n<p class=\"link-more\"><a href=\"https:\/\/direkcije.rs\/?page_id=1870\" class=\"more-link\">Read more<span class=\"screen-reader-text\"> &#8222;Anketa&#8220;<\/span><\/a><\/p>\n","protected":false},"author":1,"featured_media":0,"parent":0,"menu_order":0,"comment_status":"closed","ping_status":"closed","template":"","meta":{"_sitemap_exclude":false,"_sitemap_priority":"","_sitemap_frequency":"","_themeisle_gutenberg_block_has_review":false,"footnotes":""},"class_list":["post-1870","page","type-page","status-publish","hentry"],"yoast_head":"<!-- This site is optimized with the Yoast SEO plugin v24.7 - https:\/\/yoast.com\/wordpress\/plugins\/seo\/ -->\n<title>Anketa - Sindikalna organizacija DIREKCIJE<\/title>\n<meta name=\"robots\" content=\"index, follow, max-snippet:-1, max-image-preview:large, max-video-preview:-1\" \/>\n<link rel=\"canonical\" href=\"https:\/\/direkcije.rs\/?page_id=1870\" \/>\n<meta property=\"og:locale\" content=\"sr_RS\" \/>\n<meta property=\"og:type\" content=\"article\" \/>\n<meta property=\"og:title\" content=\"Anketa - Sindikalna organizacija DIREKCIJE\" \/>\n<meta property=\"og:description\" content=\"Molimo Vas da popunite na\u0161u kratku anketu, vezanu za predlog naredne destinacije za prole\u0107ni izlet 2025. godine. Imajte na umu da je anketa neobavezna, ali da je obavezno da ostavite Va\u0161 e-mail kako bi znali ko se za koju destinaciju prijavio. Rezultat ankete nije obavezuju\u0107i spram SO Direkcije, jer smo \u010desto uslovljeni vremenskim rokovima, dostupno\u0161\u0107u &hellip; Read more &quot;Anketa&quot;\" \/>\n<meta property=\"og:url\" content=\"https:\/\/direkcije.rs\/?page_id=1870\" \/>\n<meta property=\"og:site_name\" content=\"Sindikalna organizacija DIREKCIJE\" \/>\n<meta property=\"article:publisher\" content=\"https:\/\/www.facebook.com\/profile.php?id=61556769311237\" \/>\n<meta property=\"article:modified_time\" content=\"2025-02-13T15:31:42+00:00\" \/>\n<meta name=\"twitter:card\" content=\"summary_large_image\" \/>\n<meta name=\"twitter:label1\" content=\"\u041f\u0440\u043e\u0446\u0435\u045a\u0435\u043d\u043e \u0432\u0440\u0435\u043c\u0435 \u0447\u0438\u0442\u0430\u045a\u0430\" \/>\n\t<meta name=\"twitter:data1\" content=\"1 \u043c\u0438\u043d\u0443\u0442\" \/>\n<script type=\"application\/ld+json\" class=\"yoast-schema-graph\">{\"@context\":\"https:\/\/schema.org\",\"@graph\":[{\"@type\":\"WebPage\",\"@id\":\"https:\/\/direkcije.rs\/?page_id=1870\",\"url\":\"https:\/\/direkcije.rs\/?page_id=1870\",\"name\":\"Anketa - Sindikalna organizacija DIREKCIJE\",\"isPartOf\":{\"@id\":\"https:\/\/direkcije.rs\/#website\"},\"datePublished\":\"2025-02-04T13:34:15+00:00\",\"dateModified\":\"2025-02-13T15:31:42+00:00\",\"breadcrumb\":{\"@id\":\"https:\/\/direkcije.rs\/?page_id=1870#breadcrumb\"},\"inLanguage\":\"sr-RS\",\"potentialAction\":[{\"@type\":\"ReadAction\",\"target\":[\"https:\/\/direkcije.rs\/?page_id=1870\"]}]},{\"@type\":\"BreadcrumbList\",\"@id\":\"https:\/\/direkcije.rs\/?page_id=1870#breadcrumb\",\"itemListElement\":[{\"@type\":\"ListItem\",\"position\":1,\"name\":\"Home\",\"item\":\"https:\/\/direkcije.rs\/\"},{\"@type\":\"ListItem\",\"position\":2,\"name\":\"Anketa\"}]},{\"@type\":\"WebSite\",\"@id\":\"https:\/\/direkcije.rs\/#website\",\"url\":\"https:\/\/direkcije.rs\/\",\"name\":\"Sindikalna organizacija DIREKCIJE\",\"description\":\"deo Sindikata PTTa\",\"publisher\":{\"@id\":\"https:\/\/direkcije.rs\/#organization\"},\"alternateName\":\"Direkcije\",\"potentialAction\":[{\"@type\":\"SearchAction\",\"target\":{\"@type\":\"EntryPoint\",\"urlTemplate\":\"https:\/\/direkcije.rs\/?s={search_term_string}\"},\"query-input\":{\"@type\":\"PropertyValueSpecification\",\"valueRequired\":true,\"valueName\":\"search_term_string\"}}],\"inLanguage\":\"sr-RS\"},{\"@type\":\"Organization\",\"@id\":\"https:\/\/direkcije.rs\/#organization\",\"name\":\"Sindikalna organizacija DIREKCIJE\",\"alternateName\":\"Direkcije\",\"url\":\"https:\/\/direkcije.rs\/\",\"logo\":{\"@type\":\"ImageObject\",\"inLanguage\":\"sr-RS\",\"@id\":\"https:\/\/direkcije.rs\/#\/schema\/logo\/image\/\",\"url\":\"https:\/\/direkcije.rs\/wp-content\/uploads\/2024\/02\/Copy-of-Sindikat-logo.jpg\",\"contentUrl\":\"https:\/\/direkcije.rs\/wp-content\/uploads\/2024\/02\/Copy-of-Sindikat-logo.jpg\",\"width\":238,\"height\":238,\"caption\":\"Sindikalna organizacija DIREKCIJE\"},\"image\":{\"@id\":\"https:\/\/direkcije.rs\/#\/schema\/logo\/image\/\"},\"sameAs\":[\"https:\/\/www.facebook.com\/profile.php?id=61556769311237\"]}]}<\/script>\n<!-- \/ Yoast SEO plugin. -->","yoast_head_json":{"title":"Anketa - Sindikalna organizacija DIREKCIJE","robots":{"index":"index","follow":"follow","max-snippet":"max-snippet:-1","max-image-preview":"max-image-preview:large","max-video-preview":"max-video-preview:-1"},"canonical":"https:\/\/direkcije.rs\/?page_id=1870","og_locale":"sr_RS","og_type":"article","og_title":"Anketa - Sindikalna organizacija DIREKCIJE","og_description":"Molimo Vas da popunite na\u0161u kratku anketu, vezanu za predlog naredne destinacije za prole\u0107ni izlet 2025. godine. Imajte na umu da je anketa neobavezna, ali da je obavezno da ostavite Va\u0161 e-mail kako bi znali ko se za koju destinaciju prijavio. Rezultat ankete nije obavezuju\u0107i spram SO Direkcije, jer smo \u010desto uslovljeni vremenskim rokovima, dostupno\u0161\u0107u &hellip; Read more \"Anketa\"","og_url":"https:\/\/direkcije.rs\/?page_id=1870","og_site_name":"Sindikalna organizacija DIREKCIJE","article_publisher":"https:\/\/www.facebook.com\/profile.php?id=61556769311237","article_modified_time":"2025-02-13T15:31:42+00:00","twitter_card":"summary_large_image","twitter_misc":{"\u041f\u0440\u043e\u0446\u0435\u045a\u0435\u043d\u043e \u0432\u0440\u0435\u043c\u0435 \u0447\u0438\u0442\u0430\u045a\u0430":"1 \u043c\u0438\u043d\u0443\u0442"},"schema":{"@context":"https:\/\/schema.org","@graph":[{"@type":"WebPage","@id":"https:\/\/direkcije.rs\/?page_id=1870","url":"https:\/\/direkcije.rs\/?page_id=1870","name":"Anketa - Sindikalna organizacija DIREKCIJE","isPartOf":{"@id":"https:\/\/direkcije.rs\/#website"},"datePublished":"2025-02-04T13:34:15+00:00","dateModified":"2025-02-13T15:31:42+00:00","breadcrumb":{"@id":"https:\/\/direkcije.rs\/?page_id=1870#breadcrumb"},"inLanguage":"sr-RS","potentialAction":[{"@type":"ReadAction","target":["https:\/\/direkcije.rs\/?page_id=1870"]}]},{"@type":"BreadcrumbList","@id":"https:\/\/direkcije.rs\/?page_id=1870#breadcrumb","itemListElement":[{"@type":"ListItem","position":1,"name":"Home","item":"https:\/\/direkcije.rs\/"},{"@type":"ListItem","position":2,"name":"Anketa"}]},{"@type":"WebSite","@id":"https:\/\/direkcije.rs\/#website","url":"https:\/\/direkcije.rs\/","name":"Sindikalna organizacija DIREKCIJE","description":"deo Sindikata PTTa","publisher":{"@id":"https:\/\/direkcije.rs\/#organization"},"alternateName":"Direkcije","potentialAction":[{"@type":"SearchAction","target":{"@type":"EntryPoint","urlTemplate":"https:\/\/direkcije.rs\/?s={search_term_string}"},"query-input":{"@type":"PropertyValueSpecification","valueRequired":true,"valueName":"search_term_string"}}],"inLanguage":"sr-RS"},{"@type":"Organization","@id":"https:\/\/direkcije.rs\/#organization","name":"Sindikalna organizacija DIREKCIJE","alternateName":"Direkcije","url":"https:\/\/direkcije.rs\/","logo":{"@type":"ImageObject","inLanguage":"sr-RS","@id":"https:\/\/direkcije.rs\/#\/schema\/logo\/image\/","url":"https:\/\/direkcije.rs\/wp-content\/uploads\/2024\/02\/Copy-of-Sindikat-logo.jpg","contentUrl":"https:\/\/direkcije.rs\/wp-content\/uploads\/2024\/02\/Copy-of-Sindikat-logo.jpg","width":238,"height":238,"caption":"Sindikalna organizacija DIREKCIJE"},"image":{"@id":"https:\/\/direkcije.rs\/#\/schema\/logo\/image\/"},"sameAs":["https:\/\/www.facebook.com\/profile.php?id=61556769311237"]}]}},"_links":{"self":[{"href":"https:\/\/direkcije.rs\/index.php?rest_route=\/wp\/v2\/pages\/1870","targetHints":{"allow":["GET"]}}],"collection":[{"href":"https:\/\/direkcije.rs\/index.php?rest_route=\/wp\/v2\/pages"}],"about":[{"href":"https:\/\/direkcije.rs\/index.php?rest_route=\/wp\/v2\/types\/page"}],"author":[{"embeddable":true,"href":"https:\/\/direkcije.rs\/index.php?rest_route=\/wp\/v2\/users\/1"}],"replies":[{"embeddable":true,"href":"https:\/\/direkcije.rs\/index.php?rest_route=%2Fwp%2Fv2%2Fcomments&post=1870"}],"version-history":[{"count":9,"href":"https:\/\/direkcije.rs\/index.php?rest_route=\/wp\/v2\/pages\/1870\/revisions"}],"predecessor-version":[{"id":1893,"href":"https:\/\/direkcije.rs\/index.php?rest_route=\/wp\/v2\/pages\/1870\/revisions\/1893"}],"wp:attachment":[{"href":"https:\/\/direkcije.rs\/index.php?rest_route=%2Fwp%2Fv2%2Fmedia&parent=1870"}],"curies":[{"name":"wp","href":"https:\/\/api.w.org\/{rel}","templated":true}]}}