{"id":43,"date":"2024-02-02T12:52:02","date_gmt":"2024-02-02T11:52:02","guid":{"rendered":"https:\/\/direkcije.rs\/?page_id=43"},"modified":"2024-03-01T13:39:55","modified_gmt":"2024-03-01T12:39:55","slug":"aktivnosti","status":"publish","type":"page","link":"https:\/\/direkcije.rs\/?page_id=43","title":{"rendered":"Aktivnosti"},"content":{"rendered":"\n<div class=\"wp-block-columns is-layout-flex wp-container-core-columns-is-layout-1 wp-block-columns-is-layout-flex\">\n<div class=\"wp-block-column is-layout-flow wp-block-column-is-layout-flow\">\n<h2 class=\"wp-block-heading has-text-align-center has-text-color has-link-color wp-elements-1b03bf33a4a0611d9fb942b2a24b6cb7\" style=\"color:#136ebf;text-transform:uppercase\"><a href=\"https:\/\/direkcije.rs\/?cat=6\">sindikalne<\/a><\/h2>\n\n\n\n<div id=\"wp-block-themeisle-blocks-font-awesome-icons-e6fe3ff1\" class=\"wp-block-themeisle-blocks-font-awesome-icons\"><span class=\"wp-block-themeisle-blocks-font-awesome-icons-container\"><svg xmlns=\"http:\/\/www.w3.org\/2000\/svg\" viewBox=\"0 0 1800 1800\"><path d=\"M899.996,13.388c-488.883,0-886.611,397.732-886.611,886.615c0,297.415,147.216,561.092,372.596,722.011 c14.883,10.622,30.131,20.758,45.673,30.469c101.1,63.151,215.747,106.507,338.525,124.601 c42.384,6.248,85.723,9.529,129.816,9.529c44.084,0,87.423-3.281,129.808-9.529c122.778-18.094,237.434-61.449,338.525-124.592 c15.542-9.711,30.799-19.855,45.682-30.478c225.389-160.919,372.604-424.596,372.604-722.011 C1786.615,411.12,1388.879,13.388,899.996,13.388z M899.996,1724.407c-163.127,0-315.337-47.626-443.461-129.704 c58.621-107.8,176.409-191.24,323.694-221.345v22.277l119.594,66.448l119.932-66.431v-22.295 c147.285,30.104,265.074,113.545,323.694,221.345C1215.324,1676.781,1063.118,1724.407,899.996,1724.407z M554.979,912.854 c-15.75-5.685-27.058-20.743-27.058-38.429c0-17.69,11.308-32.751,27.058-38.44v9.194V912.854z M1238.035,845.179v-8.769 c15.144,6.001,25.896,20.758,25.896,38.001c0,17.261-10.752,32.021-25.896,38.017V845.179z M1212.461,711.77 c-2.014,9.963-4.564,19.813-7.654,29.489c-61.936-32.053-146.322-67.303-235.16-79.466 c-155.131-21.218-168.833-29.74-183.829-73.174l-12.957-37.516l-29.723,26.291c-0.894,0.789-80.681,71.251-161.344,136.272 c-11.984-42.575-13.798-86.934-5.103-130.046c27.397-135.974,156.441-234.666,306.824-234.666c23.249,0,46.749,2.365,69.859,7.017 c85.297,17.195,159.218,63.936,208.153,131.617C1210.005,554.617,1228.081,634.235,1212.461,711.77z M608.063,845.179V817.6 v-56.933c55.635-44.597,111.831-92.696,143.719-120.336c30.452,47.001,85.592,56.964,210.67,74.073 c86.504,11.833,170.369,49.166,222.49,76.398V817.6v27.579v94.646c0,159.053-129.399,288.436-288.436,288.436 c-159.044,0-288.444-129.383-288.444-288.436V845.179z M833.33,1310.867V1275.4c20.489,3.853,41.586,5.962,63.177,5.962 c24.048,0,47.505-2.534,70.154-7.281v36.786v30.843v22.649l-66.796,36.995l-66.535-36.969v-22.676V1310.867z M1387.403,1564.451 c-68.34-121.537-201.975-214.22-367.649-245.175v-61.016c119.42-46.385,206.444-158.038,217.075-290.979 c45.291-6.708,80.194-45.742,80.194-92.871c0-43.972-30.399-80.88-71.265-91.081c8.175-19.678,14.536-40.158,18.745-61.06 c18.588-92.227-2.699-186.615-59.94-265.794c-56.781-78.533-142.27-132.711-240.705-152.558 c-26.547-5.354-53.57-8.062-80.343-8.062c-84.273,0-166.412,27.106-231.29,76.333c-66.301,50.303-111.619,121.676-127.595,200.942 c-13.13,65.121-6.196,132.494,20.021,194.854l5.997,14.245c-43.156,8.487-75.838,46.576-75.838,92.192 c0,47.533,35.52,86.844,81.383,93.041c10.909,135.439,101.083,248.828,224.035,293.486v58.325 c-165.679,30.955-299.3,123.638-367.641,245.175C208.383,1414.259,75.59,1172.364,75.59,900.003 c0-454.583,369.827-824.41,824.406-824.41s824.415,369.828,824.415,824.41C1724.41,1172.364,1591.608,1414.259,1387.403,1564.451z\"><\/path><\/svg><\/span><\/div>\n\n\n\n<p class=\"has-text-align-center\" style=\"margin-top:var(--wp--preset--spacing--x-small);margin-right:var(--wp--preset--spacing--large);margin-bottom:var(--wp--preset--spacing--x-small);margin-left:var(--wp--preset--spacing--large)\">Aktivnosti SO Direkcije na pobolj\u0161anju uslova rada \u010dlanova sindikata i drugih zaposlenih<\/p>\n<\/div>\n\n\n\n<div class=\"wp-block-column is-layout-flow wp-block-column-is-layout-flow\">\n<h2 class=\"wp-block-heading has-text-align-center has-text-color has-link-color wp-elements-539819e96b0cbba35289751dafa99091\" style=\"color:#136ebf;text-transform:uppercase\"><a href=\"https:\/\/direkcije.rs\/?cat=19\">Zdravstvene<\/a><\/h2>\n\n\n\n<div id=\"wp-block-themeisle-blocks-font-awesome-icons-dd7aa763\" class=\"wp-block-themeisle-blocks-font-awesome-icons\"><span class=\"wp-block-themeisle-blocks-font-awesome-icons-container\"><svg xmlns=\"http:\/\/www.w3.org\/2000\/svg\" viewBox=\"0 0 1800 1800\"><path d=\"M1598.646,483.59c0-159.066-151.555-242.271-232.804-242.271c-17.445,0-31.592,14.14-31.592,31.594 c0,17.444,14.146,31.592,31.592,31.592c50.731,0,169.618,60.929,169.618,179.084c0,17.444,14.147,31.593,31.593,31.593 C1584.508,515.183,1598.646,501.034,1598.646,483.59z\"><\/path><path d=\"M1245.167,67.346c-8.005,0-15.974,0.176-23.897,0.515c-124.318-6.434-239.696,39.191-324.708,117.896 C802.382,111.649,683.698,67.346,554.832,67.346C249.563,67.346,1.211,315.7,1.211,620.971 c0,169.59,76.672,321.587,197.146,423.214l679.305,679.309c5.924,5.923,13.963,9.246,22.337,9.246 c8.384,0,16.413-3.323,22.347-9.246l679.218-679.238c120.519-101.636,197.227-253.659,197.227-423.285 C1798.79,315.7,1550.438,67.346,1245.167,67.346z M899.999,1656.474l-505.608-505.617L241.498,997.96l-60.105-60.101 c-0.744-0.749-1.52-1.445-2.323-2.098c-71.524-85.24-114.673-195.066-114.673-314.791c0-270.426,220.008-490.44,490.435-490.44 c111.765,0,214.891,37.604,297.452,100.783c0.309,0.229,0.599,0.476,0.908,0.714c-56.627,69.7-92.777,157.083-98.507,253.368 c-1.04,17.418,12.235,32.377,29.654,33.409c0.643,0.044,1.278,0.062,1.913,0.062c16.581,0,30.508-12.94,31.505-29.715 c5.059-85.082,37.825-162.045,88.959-222.683c13.021-12.438,26.683-24.197,40.999-35.154 c76.84-58.798,171.504-95.406,274.348-100.202c1.604,0.048,3.183-0.013,4.733-0.194c6.101-0.229,12.218-0.387,18.371-0.387 c270.434,0,490.438,220.014,490.438,490.44c0,119.707-43.133,229.515-114.648,314.755c-0.811,0.671-1.596,1.375-2.354,2.133 l-60.153,60.146l-152.843,152.852L899.999,1656.474z\"><\/path><\/svg><\/span><\/div>\n\n\n\n<p class=\"has-text-align-center\" style=\"margin-top:var(--wp--preset--spacing--x-small);margin-right:var(--wp--preset--spacing--large);margin-bottom:var(--wp--preset--spacing--x-small);margin-left:var(--wp--preset--spacing--large)\">Saradnja sa zdravstvenim i dijagnosti\u010dkim centrima, pregledi, le\u010denje, Fond solidarnost<\/p>\n<\/div>\n<\/div>\n\n\n\n<div style=\"height:2rem\" aria-hidden=\"true\" class=\"wp-block-spacer\"><\/div>\n\n\n\n<div class=\"wp-block-columns is-layout-flex wp-container-core-columns-is-layout-2 wp-block-columns-is-layout-flex\">\n<div class=\"wp-block-column is-layout-flow wp-block-column-is-layout-flow\">\n<h2 class=\"wp-block-heading has-text-align-center has-link-color wp-elements-e5f2ddf6775b0355ecfb5e03ed1332c2\" style=\"text-transform:uppercase\"><a href=\"https:\/\/direkcije.rs\/?cat=8\">Kulturne<\/a><\/h2>\n\n\n\n<div id=\"wp-block-themeisle-blocks-font-awesome-icons-99f5ae63\" class=\"wp-block-themeisle-blocks-font-awesome-icons\"><span class=\"wp-block-themeisle-blocks-font-awesome-icons-container\"><svg xmlns=\"http:\/\/www.w3.org\/2000\/svg\" viewBox=\"0 0 1800 1800\"><path d=\"M900.114,54.882c-329.509,0-597.583,268.077-597.583,597.59c0,219.592,118.159,418.518,309.714,523.794 v152.835h-0.127v122.121h-0.172v185.238h172.682c3.58,60.518,53.924,108.656,115.315,108.656 c61.39,0,111.736-48.139,115.31-108.656h172.571v-122.122h0.177v-185.237h-0.019v-152.835 c191.557-105.276,309.715-304.203,309.715-523.794C1497.697,322.959,1229.623,54.882,900.114,54.882z M675.235,1392.218h449.649 v59.005H675.235V1392.218z M899.943,1682.002c-29.441,0-48.627-22.507-51.876-45.541h103.788 C948.464,1662.119,926.504,1682.002,899.943,1682.002z M1124.708,1573.344H675.063v-59.005h449.645V1573.344z M1142.116,1129.132 l-17.25,8.778v189.457H931.559V861l187.201-187.21c12.323-12.323,12.323-32.302-0.005-44.63 c-12.318-12.318-32.302-12.323-44.629,0.004L900,803.299L725.875,629.165c-12.323-12.323-32.307-12.328-44.63-0.004 c-12.328,12.328-12.328,32.307-0.005,44.63L868.441,861v466.367H675.362V1137.91l-17.249-8.778 c-180.4-91.778-292.465-274.427-292.465-476.66c0-294.71,239.761-534.471,534.466-534.471 c294.706,0,534.466,239.761,534.466,534.471C1434.58,854.705,1322.516,1037.354,1142.116,1129.132z\"><\/path><path d=\"M1066.667,246.225c-17.43,0-31.558,14.128-31.558,31.559s14.128,31.558,31.558,31.558 c49.641,0,165.99,59.634,165.99,175.279c0,17.431,14.128,31.559,31.558,31.559c17.431,0,31.559-14.128,31.559-31.559 C1295.773,328.101,1146.624,246.225,1066.667,246.225z\"><\/path><path d=\"M209.331,712.881c0-17.43-14.128-31.558-31.558-31.558H34.686c-17.43,0-31.558,14.128-31.558,31.558 s14.128,31.558,31.558,31.558h143.087C195.203,744.439,209.331,730.312,209.331,712.881z\"><\/path><path d=\"M220.157,300.096c6.164,6.163,14.239,9.245,22.317,9.245c8.075,0,16.153-3.082,22.313-9.241 c12.328-12.328,12.328-32.307,0.004-44.629L163.623,154.297c-12.318-12.319-32.303-12.323-44.63-0.004 c-12.327,12.327-12.327,32.307-0.004,44.63L220.157,300.096z\"><\/path><path d=\"M220.17,1125.662l-101.178,101.174c-12.327,12.327-12.327,32.307-0.004,44.634 c6.164,6.164,14.238,9.246,22.317,9.246c8.074,0,16.153-3.082,22.312-9.246l101.179-101.173 c12.327-12.327,12.327-32.307,0.004-44.625C252.478,1113.344,232.493,1113.344,220.17,1125.662z\"><\/path><path d=\"M1765.314,681.323h-143.083c-17.43,0-31.559,14.128-31.559,31.558s14.129,31.558,31.559,31.558h143.083 c17.43,0,31.558-14.128,31.558-31.558S1782.744,681.323,1765.314,681.323z\"><\/path><path d=\"M1557.521,309.341c8.074,0,16.153-3.082,22.316-9.241l101.174-101.173 c12.322-12.327,12.322-32.307,0-44.634c-12.328-12.319-32.307-12.319-44.635,0l-101.173,101.173 c-12.323,12.328-12.323,32.307,0,44.634C1541.368,306.259,1549.447,309.341,1557.521,309.341z\"><\/path><path d=\"M1579.829,1125.662c-12.318-12.318-32.302-12.318-44.63,0.01c-12.323,12.318-12.323,32.298,0.005,44.625 l101.178,101.173c6.159,6.164,14.238,9.246,22.312,9.246c8.075,0,16.154-3.082,22.318-9.246 c12.322-12.327,12.322-32.307-0.005-44.634L1579.829,1125.662z\"><\/path><\/svg><\/span><\/div>\n\n\n\n<p class=\"has-text-align-center\" style=\"margin-top:var(--wp--preset--spacing--x-small);margin-right:var(--wp--preset--spacing--large);margin-bottom:var(--wp--preset--spacing--x-small);margin-left:var(--wp--preset--spacing--large)\">Aktivnosti na polju kulturne ponude \u010dlanovima SO Direkcije, pozori\u0161ta, biblioteke, FEST<\/p>\n<\/div>\n\n\n\n<div class=\"wp-block-column is-layout-flow wp-block-column-is-layout-flow\">\n<h2 class=\"wp-block-heading has-text-align-center has-link-color wp-elements-3c4edb7bd19436a2f72615566de0011b\" style=\"text-transform:uppercase\"><a href=\"https:\/\/direkcije.rs\/?cat=7\">Komercijalne<\/a><\/h2>\n\n\n\n<div id=\"wp-block-themeisle-blocks-font-awesome-icons-e0b559fd\" class=\"wp-block-themeisle-blocks-font-awesome-icons\"><span class=\"wp-block-themeisle-blocks-font-awesome-icons-container\"><svg xmlns=\"http:\/\/www.w3.org\/2000\/svg\" viewBox=\"0 0 1800 1800\"><path d=\"M1763.594,924.166h-129.15V592.01c0-1.524-0.149-3.01-0.229-4.512V331.714 c0-17.393-14.098-31.491-31.491-31.491h-333.9L980.156,11.552c-5.909-5.904-13.918-9.222-22.27-9.222s-16.361,3.317-22.27,9.222 L717.95,229.219L615.625,126.89c-12.301-12.297-32.238-12.297-44.539,0L397.55,300.425c-1.146-0.127-2.311-0.202-3.492-0.202 H36.406c-17.393,0-31.491,14.098-31.491,31.491v335.157c0,1.028,0.057,2.043,0.154,3.044v1042.279 c0,47.131,38.345,85.476,85.476,85.476h1458.422c47.132,0,85.477-38.345,85.477-85.476v-332.152h129.15 c17.394,0,31.491-14.099,31.491-31.492V955.657C1795.085,938.264,1780.987,924.166,1763.594,924.166z M1571.232,363.206v146.372 c-7.112-1.925-14.555-3.045-22.266-3.045h-73.838l-143.327-143.327H1571.232z M957.887,78.356l428.172,428.177h-95.581 L910.096,126.147L957.887,78.356z M865.557,170.687l335.843,335.847H995.27l-232.78-232.78L865.557,170.687z M593.355,193.694 l80.06,80.059l44.535,44.535l188.244,188.245h-85.836L550.438,236.612L593.355,193.694z M731.279,506.533H280.517l225.381-225.381 L731.279,506.533z M191.442,506.533H90.545c-7.851,0-15.42,1.151-22.647,3.141V363.206H334.77L191.442,506.533z M1571.461,1712.195 c0,12.402-10.092,22.493-22.494,22.493H90.545c-12.402,0-22.493-10.091-22.493-22.493V592.01c0-12.402,10.091-22.494,22.493-22.494 h1458.422c11.63,0,21.114,8.905,22.266,20.231v77.125c0,1.235,0.093,2.452,0.229,3.651v253.644h-286.233 c-125.684,0-227.938,102.25-227.938,227.934c0,125.688,102.255,227.943,227.938,227.943h286.233V1712.195z M1732.103,1317.061 h-97.659h-62.982h-286.233c-90.954,0-164.955-74.002-164.955-164.961c0-90.955,74.001-164.951,164.955-164.951h286.233h62.982 h97.659V1317.061z\"><\/path><path d=\"M1286.726,1044.13c-59.533,0-107.97,48.437-107.97,107.97c0,59.534,48.437,107.971,107.97,107.971 c59.534,0,107.971-48.437,107.971-107.971C1394.696,1092.566,1346.26,1044.13,1286.726,1044.13z M1286.726,1197.088 c-24.805,0-44.987-20.184-44.987-44.988s20.183-44.987,44.987-44.987s44.988,20.183,44.988,44.987 S1311.53,1197.088,1286.726,1197.088z\"><\/path><\/svg><\/span><\/div>\n\n\n\n<p class=\"has-text-align-center\" style=\"margin-top:var(--wp--preset--spacing--x-small);margin-right:var(--wp--preset--spacing--large);margin-bottom:var(--wp--preset--spacing--x-small);margin-left:var(--wp--preset--spacing--large)\">Sindikalna prodaja, prednosti kupovine preko sindikata, ponude, popusti, adm. zabrane i sl.<\/p>\n<\/div>\n<\/div>\n\n\n\n<p><\/p>\n\n\n\n<div style=\"height:3rem\" aria-hidden=\"true\" class=\"wp-block-spacer\"><\/div>\n","protected":false},"excerpt":{"rendered":"<p>sindikalne Aktivnosti SO Direkcije na pobolj\u0161anju uslova rada \u010dlanova sindikata i drugih zaposlenih Zdravstvene Saradnja sa zdravstvenim i dijagnosti\u010dkim centrima, pregledi, le\u010denje, Fond solidarnost Kulturne Aktivnosti na polju kulturne ponude \u010dlanovima SO Direkcije, pozori\u0161ta, biblioteke, FEST Komercijalne Sindikalna prodaja, prednosti kupovine preko sindikata, ponude, popusti, adm. zabrane i sl.<\/p>\n","protected":false},"author":1,"featured_media":0,"parent":0,"menu_order":0,"comment_status":"closed","ping_status":"closed","template":"","meta":{"_sitemap_exclude":false,"_sitemap_priority":"","_sitemap_frequency":"","_themeisle_gutenberg_block_has_review":false,"footnotes":""},"class_list":["post-43","page","type-page","status-publish","hentry"],"yoast_head":"<!-- This site is optimized with the Yoast SEO plugin v24.7 - https:\/\/yoast.com\/wordpress\/plugins\/seo\/ -->\n<title>Aktivnosti - Sindikalna organizacija DIREKCIJE<\/title>\n<meta name=\"robots\" content=\"index, follow, max-snippet:-1, max-image-preview:large, max-video-preview:-1\" \/>\n<link rel=\"canonical\" href=\"https:\/\/direkcije.rs\/?page_id=43\" \/>\n<meta property=\"og:locale\" content=\"sr_RS\" \/>\n<meta property=\"og:type\" content=\"article\" \/>\n<meta property=\"og:title\" content=\"Aktivnosti - Sindikalna organizacija DIREKCIJE\" \/>\n<meta property=\"og:description\" content=\"sindikalne Aktivnosti SO Direkcije na pobolj\u0161anju uslova rada \u010dlanova sindikata i drugih zaposlenih Zdravstvene Saradnja sa zdravstvenim i dijagnosti\u010dkim centrima, pregledi, le\u010denje, Fond solidarnost Kulturne Aktivnosti na polju kulturne ponude \u010dlanovima SO Direkcije, pozori\u0161ta, biblioteke, FEST Komercijalne Sindikalna prodaja, prednosti kupovine preko sindikata, ponude, popusti, adm. zabrane i sl.\" \/>\n<meta property=\"og:url\" content=\"https:\/\/direkcije.rs\/?page_id=43\" \/>\n<meta property=\"og:site_name\" content=\"Sindikalna organizacija DIREKCIJE\" \/>\n<meta property=\"article:publisher\" content=\"https:\/\/www.facebook.com\/profile.php?id=61556769311237\" \/>\n<meta property=\"article:modified_time\" content=\"2024-03-01T12:39:55+00:00\" \/>\n<meta name=\"twitter:card\" content=\"summary_large_image\" \/>\n<script type=\"application\/ld+json\" class=\"yoast-schema-graph\">{\"@context\":\"https:\/\/schema.org\",\"@graph\":[{\"@type\":\"WebPage\",\"@id\":\"https:\/\/direkcije.rs\/?page_id=43\",\"url\":\"https:\/\/direkcije.rs\/?page_id=43\",\"name\":\"Aktivnosti - Sindikalna organizacija DIREKCIJE\",\"isPartOf\":{\"@id\":\"https:\/\/direkcije.rs\/#website\"},\"datePublished\":\"2024-02-02T11:52:02+00:00\",\"dateModified\":\"2024-03-01T12:39:55+00:00\",\"breadcrumb\":{\"@id\":\"https:\/\/direkcije.rs\/?page_id=43#breadcrumb\"},\"inLanguage\":\"sr-RS\",\"potentialAction\":[{\"@type\":\"ReadAction\",\"target\":[\"https:\/\/direkcije.rs\/?page_id=43\"]}]},{\"@type\":\"BreadcrumbList\",\"@id\":\"https:\/\/direkcije.rs\/?page_id=43#breadcrumb\",\"itemListElement\":[{\"@type\":\"ListItem\",\"position\":1,\"name\":\"Home\",\"item\":\"https:\/\/direkcije.rs\/\"},{\"@type\":\"ListItem\",\"position\":2,\"name\":\"Aktivnosti\"}]},{\"@type\":\"WebSite\",\"@id\":\"https:\/\/direkcije.rs\/#website\",\"url\":\"https:\/\/direkcije.rs\/\",\"name\":\"Sindikalna organizacija DIREKCIJE\",\"description\":\"deo Sindikata PTTa\",\"publisher\":{\"@id\":\"https:\/\/direkcije.rs\/#organization\"},\"alternateName\":\"Direkcije\",\"potentialAction\":[{\"@type\":\"SearchAction\",\"target\":{\"@type\":\"EntryPoint\",\"urlTemplate\":\"https:\/\/direkcije.rs\/?s={search_term_string}\"},\"query-input\":{\"@type\":\"PropertyValueSpecification\",\"valueRequired\":true,\"valueName\":\"search_term_string\"}}],\"inLanguage\":\"sr-RS\"},{\"@type\":\"Organization\",\"@id\":\"https:\/\/direkcije.rs\/#organization\",\"name\":\"Sindikalna organizacija DIREKCIJE\",\"alternateName\":\"Direkcije\",\"url\":\"https:\/\/direkcije.rs\/\",\"logo\":{\"@type\":\"ImageObject\",\"inLanguage\":\"sr-RS\",\"@id\":\"https:\/\/direkcije.rs\/#\/schema\/logo\/image\/\",\"url\":\"https:\/\/direkcije.rs\/wp-content\/uploads\/2024\/02\/Copy-of-Sindikat-logo.jpg\",\"contentUrl\":\"https:\/\/direkcije.rs\/wp-content\/uploads\/2024\/02\/Copy-of-Sindikat-logo.jpg\",\"width\":238,\"height\":238,\"caption\":\"Sindikalna organizacija DIREKCIJE\"},\"image\":{\"@id\":\"https:\/\/direkcije.rs\/#\/schema\/logo\/image\/\"},\"sameAs\":[\"https:\/\/www.facebook.com\/profile.php?id=61556769311237\"]}]}<\/script>\n<!-- \/ Yoast SEO plugin. -->","yoast_head_json":{"title":"Aktivnosti - Sindikalna organizacija DIREKCIJE","robots":{"index":"index","follow":"follow","max-snippet":"max-snippet:-1","max-image-preview":"max-image-preview:large","max-video-preview":"max-video-preview:-1"},"canonical":"https:\/\/direkcije.rs\/?page_id=43","og_locale":"sr_RS","og_type":"article","og_title":"Aktivnosti - Sindikalna organizacija DIREKCIJE","og_description":"sindikalne Aktivnosti SO Direkcije na pobolj\u0161anju uslova rada \u010dlanova sindikata i drugih zaposlenih Zdravstvene Saradnja sa zdravstvenim i dijagnosti\u010dkim centrima, pregledi, le\u010denje, Fond solidarnost Kulturne Aktivnosti na polju kulturne ponude \u010dlanovima SO Direkcije, pozori\u0161ta, biblioteke, FEST Komercijalne Sindikalna prodaja, prednosti kupovine preko sindikata, ponude, popusti, adm. zabrane i sl.","og_url":"https:\/\/direkcije.rs\/?page_id=43","og_site_name":"Sindikalna organizacija DIREKCIJE","article_publisher":"https:\/\/www.facebook.com\/profile.php?id=61556769311237","article_modified_time":"2024-03-01T12:39:55+00:00","twitter_card":"summary_large_image","schema":{"@context":"https:\/\/schema.org","@graph":[{"@type":"WebPage","@id":"https:\/\/direkcije.rs\/?page_id=43","url":"https:\/\/direkcije.rs\/?page_id=43","name":"Aktivnosti - Sindikalna organizacija DIREKCIJE","isPartOf":{"@id":"https:\/\/direkcije.rs\/#website"},"datePublished":"2024-02-02T11:52:02+00:00","dateModified":"2024-03-01T12:39:55+00:00","breadcrumb":{"@id":"https:\/\/direkcije.rs\/?page_id=43#breadcrumb"},"inLanguage":"sr-RS","potentialAction":[{"@type":"ReadAction","target":["https:\/\/direkcije.rs\/?page_id=43"]}]},{"@type":"BreadcrumbList","@id":"https:\/\/direkcije.rs\/?page_id=43#breadcrumb","itemListElement":[{"@type":"ListItem","position":1,"name":"Home","item":"https:\/\/direkcije.rs\/"},{"@type":"ListItem","position":2,"name":"Aktivnosti"}]},{"@type":"WebSite","@id":"https:\/\/direkcije.rs\/#website","url":"https:\/\/direkcije.rs\/","name":"Sindikalna organizacija DIREKCIJE","description":"deo Sindikata PTTa","publisher":{"@id":"https:\/\/direkcije.rs\/#organization"},"alternateName":"Direkcije","potentialAction":[{"@type":"SearchAction","target":{"@type":"EntryPoint","urlTemplate":"https:\/\/direkcije.rs\/?s={search_term_string}"},"query-input":{"@type":"PropertyValueSpecification","valueRequired":true,"valueName":"search_term_string"}}],"inLanguage":"sr-RS"},{"@type":"Organization","@id":"https:\/\/direkcije.rs\/#organization","name":"Sindikalna organizacija DIREKCIJE","alternateName":"Direkcije","url":"https:\/\/direkcije.rs\/","logo":{"@type":"ImageObject","inLanguage":"sr-RS","@id":"https:\/\/direkcije.rs\/#\/schema\/logo\/image\/","url":"https:\/\/direkcije.rs\/wp-content\/uploads\/2024\/02\/Copy-of-Sindikat-logo.jpg","contentUrl":"https:\/\/direkcije.rs\/wp-content\/uploads\/2024\/02\/Copy-of-Sindikat-logo.jpg","width":238,"height":238,"caption":"Sindikalna organizacija DIREKCIJE"},"image":{"@id":"https:\/\/direkcije.rs\/#\/schema\/logo\/image\/"},"sameAs":["https:\/\/www.facebook.com\/profile.php?id=61556769311237"]}]}},"_links":{"self":[{"href":"https:\/\/direkcije.rs\/index.php?rest_route=\/wp\/v2\/pages\/43","targetHints":{"allow":["GET"]}}],"collection":[{"href":"https:\/\/direkcije.rs\/index.php?rest_route=\/wp\/v2\/pages"}],"about":[{"href":"https:\/\/direkcije.rs\/index.php?rest_route=\/wp\/v2\/types\/page"}],"author":[{"embeddable":true,"href":"https:\/\/direkcije.rs\/index.php?rest_route=\/wp\/v2\/users\/1"}],"replies":[{"embeddable":true,"href":"https:\/\/direkcije.rs\/index.php?rest_route=%2Fwp%2Fv2%2Fcomments&post=43"}],"version-history":[{"count":0,"href":"https:\/\/direkcije.rs\/index.php?rest_route=\/wp\/v2\/pages\/43\/revisions"}],"wp:attachment":[{"href":"https:\/\/direkcije.rs\/index.php?rest_route=%2Fwp%2Fv2%2Fmedia&parent=43"}],"curies":[{"name":"wp","href":"https:\/\/api.w.org\/{rel}","templated":true}]}}