{"id":783,"date":"2024-02-09T09:10:17","date_gmt":"2024-02-09T08:10:17","guid":{"rendered":"https:\/\/direkcije.rs\/?page_id=783"},"modified":"2024-03-18T08:48:15","modified_gmt":"2024-03-18T07:48:15","slug":"fond-solidarnosti-2","status":"publish","type":"page","link":"https:\/\/direkcije.rs\/?page_id=783","title":{"rendered":"Fond solidarnosti"},"content":{"rendered":"\n<figure class=\"wp-block-image size-full has-custom-border\" id=\"wp-block-themeisle-blocks-image-edc979ad\"><img loading=\"lazy\" decoding=\"async\" width=\"1620\" height=\"650\" src=\"https:\/\/direkcije.rs\/wp-content\/uploads\/2024\/02\/beach-landscape-sea-coast-ocean-horizon-1168071-pxhere.com_.jpg\" alt=\"\" class=\"wp-image-1037\" style=\"border-radius:10px\" srcset=\"https:\/\/direkcije.rs\/wp-content\/uploads\/2024\/02\/beach-landscape-sea-coast-ocean-horizon-1168071-pxhere.com_.jpg 1620w, https:\/\/direkcije.rs\/wp-content\/uploads\/2024\/02\/beach-landscape-sea-coast-ocean-horizon-1168071-pxhere.com_-300x120.jpg 300w, https:\/\/direkcije.rs\/wp-content\/uploads\/2024\/02\/beach-landscape-sea-coast-ocean-horizon-1168071-pxhere.com_-1600x642.jpg 1600w, https:\/\/direkcije.rs\/wp-content\/uploads\/2024\/02\/beach-landscape-sea-coast-ocean-horizon-1168071-pxhere.com_-200x80.jpg 200w, https:\/\/direkcije.rs\/wp-content\/uploads\/2024\/02\/beach-landscape-sea-coast-ocean-horizon-1168071-pxhere.com_-18x7.jpg 18w\" sizes=\"auto, (max-width: 1620px) 100vw, 1620px\" \/><\/figure>\n\n\n\n<div style=\"margin-top:var(--wp--preset--spacing--x-small);margin-bottom:var(--wp--preset--spacing--x-small);height:2rem\" aria-hidden=\"true\" class=\"wp-block-spacer\"><\/div>\n\n\n\n<p class=\"has-medium-font-size\" style=\"margin-top:var(--wp--preset--spacing--x-small);margin-bottom:var(--wp--preset--spacing--x-small)\">Svaki \u010dlan sindikata automatski je \u010dlan Fonda solidarnosti. Namenjen je \u010dlanovima sindikata kao pomo\u0107 prilikom le\u010denja, za preglede, kao i za terapiju.&nbsp;<\/p>\n\n\n\n<p class=\"has-medium-font-size\" style=\"margin-top:var(--wp--preset--spacing--x-small);margin-bottom:var(--wp--preset--spacing--x-small)\">Zahtev za pomo\u0107 se predaje sindikalnom predstavniku ili u prostorijama SO Direkcija na&nbsp;I&nbsp;spratu, Kosovska 47, kancelarija 109. tel: 42432 (011-3022-432) najkasnije do 15-tog u mesecu.<\/p>\n\n\n\n<p class=\"has-medium-font-size\" style=\"margin-top:var(--wp--preset--spacing--x-small);margin-bottom:var(--wp--preset--spacing--x-small)\">Dokumentacija koja se prila\u017ee mora da sadr\u017ei:<\/p>\n\n\n\n<ul class=\"has-medium-font-size wp-block-list\">\n<li>Pismeni zahtev zaposlenog<\/li>\n\n\n\n<li>Fotokopiju medicinske dokumentacije<\/li>\n\n\n\n<li>Blok ra\u010dun i fiskalni ra\u010dun<\/li>\n\n\n\n<li>Potrebno je prilo\u017eiti i fotokopiju celokupne dokumentacije koja se podnosi.<\/li>\n<\/ul>\n\n\n\n<p class=\"has-primary-color has-text-color has-link-color has-medium-font-size wp-elements-20ef35f95b6504cab722c498868c600a\" style=\"margin-top:var(--wp--preset--spacing--x-small);margin-bottom:var(--wp--preset--spacing--x-small)\">Obrazac za pismeni zahtev mo\u017eete preuzeti <a href=\"https:\/\/direkcije.rs\/wp-content\/uploads\/2024\/02\/2024-01-03-Zahtev-Fond.pdf\" target=\"_blank\" rel=\"noreferrer noopener\"><strong>OVDE<\/strong><\/a>.<\/p>\n\n\n\n<div class=\"wp-block-group has-lightgrey-background-color has-background is-nowrap is-layout-flex wp-container-core-group-is-layout-1 wp-block-group-is-layout-flex\" style=\"border-width:1px;border-radius:10px\">\n<p class=\"has-primary-color has-text-color has-link-color has-medium-font-size wp-elements-a56039c8549d60c986a19de38926ce7b\" style=\"margin-top:var(--wp--preset--spacing--x-small);margin-right:var(--wp--preset--spacing--x-small);margin-bottom:var(--wp--preset--spacing--x-small);margin-left:var(--wp--preset--spacing--x-small)\">O najboljoj praksi koju \u010dlanovi mogu da primene kad se obra\u0107aju Fondu za sredstva mo\u017eete pro\u010ditati u savetima koje Vam daje vi\u0161egodi\u0161nja predstavnica Direkcija u Fondu Jasmina Vukadinovi\u0107 mo\u017eete pro\u010ditati <a href=\"https:\/\/direkcije.rs\/?page_id=850\" data-type=\"page\" data-id=\"850\"><strong>OVDE<\/strong><\/a>.<\/p>\n<\/div>\n\n\n\n<p class=\"has-primary-color has-text-color has-link-color has-medium-font-size wp-elements-ca4e7259d2c418ec43e408aa92805a23\" style=\"margin-top:var(--wp--preset--spacing--x-small);margin-bottom:var(--wp--preset--spacing--x-small)\">Informacije o dodeli solidarne pomo\u0107i za prethodni mesec mo\u017eete na\u0107i <a href=\"https:\/\/www.sindikatptt.org.rs\/fond.html\" target=\"_blank\" rel=\"noreferrer noopener\"><strong>OVDE<\/strong><\/a>.<\/p>\n\n\n\n<div style=\"height:5rem\" aria-hidden=\"true\" class=\"wp-block-spacer\"><\/div>\n","protected":false},"excerpt":{"rendered":"<p>Svaki \u010dlan sindikata automatski je \u010dlan Fonda solidarnosti. Namenjen je \u010dlanovima sindikata kao pomo\u0107 prilikom le\u010denja, za preglede, kao i za terapiju.&nbsp; Zahtev za pomo\u0107 se predaje sindikalnom predstavniku ili u prostorijama SO Direkcija na&nbsp;I&nbsp;spratu, Kosovska 47, kancelarija 109. tel: 42432 (011-3022-432) najkasnije do 15-tog u mesecu. Dokumentacija koja se prila\u017ee mora da sadr\u017ei: Obrazac &hellip; <\/p>\n<p class=\"link-more\"><a href=\"https:\/\/direkcije.rs\/?page_id=783\" class=\"more-link\">Read more<span class=\"screen-reader-text\"> &#8222;Fond solidarnosti&#8220;<\/span><\/a><\/p>\n","protected":false},"author":1,"featured_media":0,"parent":0,"menu_order":0,"comment_status":"closed","ping_status":"closed","template":"","meta":{"_sitemap_exclude":false,"_sitemap_priority":"","_sitemap_frequency":"","_themeisle_gutenberg_block_has_review":false,"footnotes":""},"class_list":["post-783","page","type-page","status-publish","hentry"],"yoast_head":"<!-- This site is optimized with the Yoast SEO plugin v24.7 - https:\/\/yoast.com\/wordpress\/plugins\/seo\/ -->\n<title>Fond solidarnosti - Sindikalna organizacija DIREKCIJE<\/title>\n<meta name=\"robots\" content=\"index, follow, max-snippet:-1, max-image-preview:large, max-video-preview:-1\" \/>\n<link rel=\"canonical\" href=\"https:\/\/direkcije.rs\/?page_id=783\" \/>\n<meta property=\"og:locale\" content=\"sr_RS\" \/>\n<meta property=\"og:type\" content=\"article\" \/>\n<meta property=\"og:title\" content=\"Fond solidarnosti - Sindikalna organizacija DIREKCIJE\" \/>\n<meta property=\"og:description\" content=\"Svaki \u010dlan sindikata automatski je \u010dlan Fonda solidarnosti. Namenjen je \u010dlanovima sindikata kao pomo\u0107 prilikom le\u010denja, za preglede, kao i za terapiju.&nbsp; Zahtev za pomo\u0107 se predaje sindikalnom predstavniku ili u prostorijama SO Direkcija na&nbsp;I&nbsp;spratu, Kosovska 47, kancelarija 109. tel: 42432 (011-3022-432) najkasnije do 15-tog u mesecu. Dokumentacija koja se prila\u017ee mora da sadr\u017ei: Obrazac &hellip; Read more &quot;Fond solidarnosti&quot;\" \/>\n<meta property=\"og:url\" content=\"https:\/\/direkcije.rs\/?page_id=783\" \/>\n<meta property=\"og:site_name\" content=\"Sindikalna organizacija DIREKCIJE\" \/>\n<meta property=\"article:publisher\" content=\"https:\/\/www.facebook.com\/profile.php?id=61556769311237\" \/>\n<meta property=\"article:modified_time\" content=\"2024-03-18T07:48:15+00:00\" \/>\n<meta property=\"og:image\" content=\"https:\/\/direkcije.rs\/wp-content\/uploads\/2024\/02\/beach-landscape-sea-coast-ocean-horizon-1168071-pxhere.com_.jpg\" \/>\n<meta name=\"twitter:card\" content=\"summary_large_image\" \/>\n<meta name=\"twitter:label1\" content=\"\u041f\u0440\u043e\u0446\u0435\u045a\u0435\u043d\u043e \u0432\u0440\u0435\u043c\u0435 \u0447\u0438\u0442\u0430\u045a\u0430\" \/>\n\t<meta name=\"twitter:data1\" content=\"1 \u043c\u0438\u043d\u0443\u0442\" \/>\n<script type=\"application\/ld+json\" class=\"yoast-schema-graph\">{\"@context\":\"https:\/\/schema.org\",\"@graph\":[{\"@type\":\"WebPage\",\"@id\":\"https:\/\/direkcije.rs\/?page_id=783\",\"url\":\"https:\/\/direkcije.rs\/?page_id=783\",\"name\":\"Fond solidarnosti - Sindikalna organizacija DIREKCIJE\",\"isPartOf\":{\"@id\":\"https:\/\/direkcije.rs\/#website\"},\"primaryImageOfPage\":{\"@id\":\"https:\/\/direkcije.rs\/?page_id=783#primaryimage\"},\"image\":{\"@id\":\"https:\/\/direkcije.rs\/?page_id=783#primaryimage\"},\"thumbnailUrl\":\"https:\/\/direkcije.rs\/wp-content\/uploads\/2024\/02\/beach-landscape-sea-coast-ocean-horizon-1168071-pxhere.com_.jpg\",\"datePublished\":\"2024-02-09T08:10:17+00:00\",\"dateModified\":\"2024-03-18T07:48:15+00:00\",\"breadcrumb\":{\"@id\":\"https:\/\/direkcije.rs\/?page_id=783#breadcrumb\"},\"inLanguage\":\"sr-RS\",\"potentialAction\":[{\"@type\":\"ReadAction\",\"target\":[\"https:\/\/direkcije.rs\/?page_id=783\"]}]},{\"@type\":\"ImageObject\",\"inLanguage\":\"sr-RS\",\"@id\":\"https:\/\/direkcije.rs\/?page_id=783#primaryimage\",\"url\":\"https:\/\/direkcije.rs\/wp-content\/uploads\/2024\/02\/beach-landscape-sea-coast-ocean-horizon-1168071-pxhere.com_.jpg\",\"contentUrl\":\"https:\/\/direkcije.rs\/wp-content\/uploads\/2024\/02\/beach-landscape-sea-coast-ocean-horizon-1168071-pxhere.com_.jpg\",\"width\":1620,\"height\":650},{\"@type\":\"BreadcrumbList\",\"@id\":\"https:\/\/direkcije.rs\/?page_id=783#breadcrumb\",\"itemListElement\":[{\"@type\":\"ListItem\",\"position\":1,\"name\":\"Home\",\"item\":\"https:\/\/direkcije.rs\/\"},{\"@type\":\"ListItem\",\"position\":2,\"name\":\"Fond solidarnosti\"}]},{\"@type\":\"WebSite\",\"@id\":\"https:\/\/direkcije.rs\/#website\",\"url\":\"https:\/\/direkcije.rs\/\",\"name\":\"Sindikalna organizacija DIREKCIJE\",\"description\":\"deo Sindikata PTTa\",\"publisher\":{\"@id\":\"https:\/\/direkcije.rs\/#organization\"},\"alternateName\":\"Direkcije\",\"potentialAction\":[{\"@type\":\"SearchAction\",\"target\":{\"@type\":\"EntryPoint\",\"urlTemplate\":\"https:\/\/direkcije.rs\/?s={search_term_string}\"},\"query-input\":{\"@type\":\"PropertyValueSpecification\",\"valueRequired\":true,\"valueName\":\"search_term_string\"}}],\"inLanguage\":\"sr-RS\"},{\"@type\":\"Organization\",\"@id\":\"https:\/\/direkcije.rs\/#organization\",\"name\":\"Sindikalna organizacija DIREKCIJE\",\"alternateName\":\"Direkcije\",\"url\":\"https:\/\/direkcije.rs\/\",\"logo\":{\"@type\":\"ImageObject\",\"inLanguage\":\"sr-RS\",\"@id\":\"https:\/\/direkcije.rs\/#\/schema\/logo\/image\/\",\"url\":\"https:\/\/direkcije.rs\/wp-content\/uploads\/2024\/02\/Copy-of-Sindikat-logo.jpg\",\"contentUrl\":\"https:\/\/direkcije.rs\/wp-content\/uploads\/2024\/02\/Copy-of-Sindikat-logo.jpg\",\"width\":238,\"height\":238,\"caption\":\"Sindikalna organizacija DIREKCIJE\"},\"image\":{\"@id\":\"https:\/\/direkcije.rs\/#\/schema\/logo\/image\/\"},\"sameAs\":[\"https:\/\/www.facebook.com\/profile.php?id=61556769311237\"]}]}<\/script>\n<!-- \/ Yoast SEO plugin. -->","yoast_head_json":{"title":"Fond solidarnosti - Sindikalna organizacija DIREKCIJE","robots":{"index":"index","follow":"follow","max-snippet":"max-snippet:-1","max-image-preview":"max-image-preview:large","max-video-preview":"max-video-preview:-1"},"canonical":"https:\/\/direkcije.rs\/?page_id=783","og_locale":"sr_RS","og_type":"article","og_title":"Fond solidarnosti - Sindikalna organizacija DIREKCIJE","og_description":"Svaki \u010dlan sindikata automatski je \u010dlan Fonda solidarnosti. Namenjen je \u010dlanovima sindikata kao pomo\u0107 prilikom le\u010denja, za preglede, kao i za terapiju.&nbsp; Zahtev za pomo\u0107 se predaje sindikalnom predstavniku ili u prostorijama SO Direkcija na&nbsp;I&nbsp;spratu, Kosovska 47, kancelarija 109. tel: 42432 (011-3022-432) najkasnije do 15-tog u mesecu. Dokumentacija koja se prila\u017ee mora da sadr\u017ei: Obrazac &hellip; Read more \"Fond solidarnosti\"","og_url":"https:\/\/direkcije.rs\/?page_id=783","og_site_name":"Sindikalna organizacija DIREKCIJE","article_publisher":"https:\/\/www.facebook.com\/profile.php?id=61556769311237","article_modified_time":"2024-03-18T07:48:15+00:00","og_image":[{"url":"https:\/\/direkcije.rs\/wp-content\/uploads\/2024\/02\/beach-landscape-sea-coast-ocean-horizon-1168071-pxhere.com_.jpg","type":"","width":"","height":""}],"twitter_card":"summary_large_image","twitter_misc":{"\u041f\u0440\u043e\u0446\u0435\u045a\u0435\u043d\u043e \u0432\u0440\u0435\u043c\u0435 \u0447\u0438\u0442\u0430\u045a\u0430":"1 \u043c\u0438\u043d\u0443\u0442"},"schema":{"@context":"https:\/\/schema.org","@graph":[{"@type":"WebPage","@id":"https:\/\/direkcije.rs\/?page_id=783","url":"https:\/\/direkcije.rs\/?page_id=783","name":"Fond solidarnosti - Sindikalna organizacija DIREKCIJE","isPartOf":{"@id":"https:\/\/direkcije.rs\/#website"},"primaryImageOfPage":{"@id":"https:\/\/direkcije.rs\/?page_id=783#primaryimage"},"image":{"@id":"https:\/\/direkcije.rs\/?page_id=783#primaryimage"},"thumbnailUrl":"https:\/\/direkcije.rs\/wp-content\/uploads\/2024\/02\/beach-landscape-sea-coast-ocean-horizon-1168071-pxhere.com_.jpg","datePublished":"2024-02-09T08:10:17+00:00","dateModified":"2024-03-18T07:48:15+00:00","breadcrumb":{"@id":"https:\/\/direkcije.rs\/?page_id=783#breadcrumb"},"inLanguage":"sr-RS","potentialAction":[{"@type":"ReadAction","target":["https:\/\/direkcije.rs\/?page_id=783"]}]},{"@type":"ImageObject","inLanguage":"sr-RS","@id":"https:\/\/direkcije.rs\/?page_id=783#primaryimage","url":"https:\/\/direkcije.rs\/wp-content\/uploads\/2024\/02\/beach-landscape-sea-coast-ocean-horizon-1168071-pxhere.com_.jpg","contentUrl":"https:\/\/direkcije.rs\/wp-content\/uploads\/2024\/02\/beach-landscape-sea-coast-ocean-horizon-1168071-pxhere.com_.jpg","width":1620,"height":650},{"@type":"BreadcrumbList","@id":"https:\/\/direkcije.rs\/?page_id=783#breadcrumb","itemListElement":[{"@type":"ListItem","position":1,"name":"Home","item":"https:\/\/direkcije.rs\/"},{"@type":"ListItem","position":2,"name":"Fond solidarnosti"}]},{"@type":"WebSite","@id":"https:\/\/direkcije.rs\/#website","url":"https:\/\/direkcije.rs\/","name":"Sindikalna organizacija DIREKCIJE","description":"deo Sindikata PTTa","publisher":{"@id":"https:\/\/direkcije.rs\/#organization"},"alternateName":"Direkcije","potentialAction":[{"@type":"SearchAction","target":{"@type":"EntryPoint","urlTemplate":"https:\/\/direkcije.rs\/?s={search_term_string}"},"query-input":{"@type":"PropertyValueSpecification","valueRequired":true,"valueName":"search_term_string"}}],"inLanguage":"sr-RS"},{"@type":"Organization","@id":"https:\/\/direkcije.rs\/#organization","name":"Sindikalna organizacija DIREKCIJE","alternateName":"Direkcije","url":"https:\/\/direkcije.rs\/","logo":{"@type":"ImageObject","inLanguage":"sr-RS","@id":"https:\/\/direkcije.rs\/#\/schema\/logo\/image\/","url":"https:\/\/direkcije.rs\/wp-content\/uploads\/2024\/02\/Copy-of-Sindikat-logo.jpg","contentUrl":"https:\/\/direkcije.rs\/wp-content\/uploads\/2024\/02\/Copy-of-Sindikat-logo.jpg","width":238,"height":238,"caption":"Sindikalna organizacija DIREKCIJE"},"image":{"@id":"https:\/\/direkcije.rs\/#\/schema\/logo\/image\/"},"sameAs":["https:\/\/www.facebook.com\/profile.php?id=61556769311237"]}]}},"_links":{"self":[{"href":"https:\/\/direkcije.rs\/index.php?rest_route=\/wp\/v2\/pages\/783","targetHints":{"allow":["GET"]}}],"collection":[{"href":"https:\/\/direkcije.rs\/index.php?rest_route=\/wp\/v2\/pages"}],"about":[{"href":"https:\/\/direkcije.rs\/index.php?rest_route=\/wp\/v2\/types\/page"}],"author":[{"embeddable":true,"href":"https:\/\/direkcije.rs\/index.php?rest_route=\/wp\/v2\/users\/1"}],"replies":[{"embeddable":true,"href":"https:\/\/direkcije.rs\/index.php?rest_route=%2Fwp%2Fv2%2Fcomments&post=783"}],"version-history":[{"count":1,"href":"https:\/\/direkcije.rs\/index.php?rest_route=\/wp\/v2\/pages\/783\/revisions"}],"predecessor-version":[{"id":1513,"href":"https:\/\/direkcije.rs\/index.php?rest_route=\/wp\/v2\/pages\/783\/revisions\/1513"}],"wp:attachment":[{"href":"https:\/\/direkcije.rs\/index.php?rest_route=%2Fwp%2Fv2%2Fmedia&parent=783"}],"curies":[{"name":"wp","href":"https:\/\/api.w.org\/{rel}","templated":true}]}}